e factors of 7798?
2, 7, 557
What are the prime factors of 2959?
11, 269
List the prime factors of 12435.
3, 5, 829
List the prime factors of 565.
5, 113
What are the prime factors of 10913?
7, 1559
What are the prime factors of 20080?
2, 5, 251
What are the prime factors of 2261?
7, 17, 19
What are the prime factors of 63752?
2, 13, 613
List the prime factors of 57983.
23, 2521
List the prime factors of 181.
181
What are the prime factors of 11889?
3, 1321
List the prime factors of 1165.
5, 233
List the prime factors of 47545.
5, 37, 257
List the prime factors of 26034.
2, 3, 4339
What are the prime factors of 2918?
2, 1459
List the prime factors of 974.
2, 487
What are the prime factors of 794?
2, 397
List the prime factors of 13168.
2, 823
List the prime factors of 7116.
2, 3, 593
List the prime factors of 11214.
2, 3, 7, 89
What are the prime factors of 21426?
2, 3, 3571
List the prime factors of 759.
3, 11, 23
List the prime factors of 31093.
17, 31, 59
List the prime factors of 944.
2, 59
What are the prime factors of 46197?
3, 29, 59
What are the prime factors of 825?
3, 5, 11
List the prime factors of 10401.
3, 3467
What are the prime factors of 980?
2, 5, 7
List the prime factors of 315.
3, 5, 7
List the prime factors of 161.
7, 23
What are the prime factors of 4714?
2, 2357
List the prime factors of 32672.
2, 1021
List the prime factors of 7016.
2, 877
What are the prime factors of 745?
5, 149
List the prime factors of 21819.
3, 7, 1039
What are the prime factors of 64786?
2, 29, 1117
List the prime factors of 590.
2, 5, 59
List the prime factors of 73112.
2, 13, 19, 37
List the prime factors of 187.
11, 17
What are the prime factors of 14888?
2, 1861
List the prime factors of 42935.
5, 31, 277
List the prime factors of 5979.
3, 1993
List the prime factors of 347.
347
List the prime factors of 4595.
5, 919
List the prime factors of 2987.
29, 103
What are the prime factors of 1902?
2, 3, 317
What are the prime factors of 3273?
3, 1091
List the prime factors of 33227.
149, 223
List the prime factors of 59078.
2, 109, 271
What are the prime factors of 34?
2, 17
What are the prime factors of 28379?
13, 37, 59
What are the prime factors of 12724?
2, 3181
List the prime factors of 12244.
2, 3061
List the prime factors of 963.
3, 107
What are the prime factors of 33657?
3, 13, 863
List the prime factors of 412.
2, 103
What are the prime factors of 16971?
3, 5657
What are the prime factors of 54114?
2, 3, 29, 311
What are the prime factors of 445?
5, 89
List the prime factors of 8542.
2, 4271
List the prime factors of 10208.
2, 11, 29
List the prime factors of 4689.
3, 521
List the prime factors of 65834.
2, 32917
What are the prime factors of 8134?
2, 7, 83
List the prime factors of 1614.
2, 3, 269
List the prime factors of 1085.
5, 7, 31
What are the prime factors of 11084?
2, 17, 163
List the prime factors of 2647.
2647
What are the prime factors of 2836?
2, 709
What are the prime factors of 50743?
7, 11, 659
List the prime factors of 1924.
2, 13, 37
List the prime factors of 725.
5, 29
What are the prime factors of 429?
3, 11, 13
What are the prime factors of 828?
2, 3, 23
What are the prime factors of 577?
577
What are the prime factors of 273?
3, 7, 13
What are the prime factors of 22277?
22277
What are the prime factors of 3467?
3467
What are the prime factors of 3592?
2, 449
What are the prime factors of 1095?
3, 5, 73
List the prime factors of 179.
179
List the prime factors of 9328.
2, 11, 53
List the prime factors of 3073.
7, 439
List the prime factors of 37814.
2, 7, 37, 73
What are the prime factors of 1638?
2, 3, 7, 13
List the prime factors of 263.
263
What are the prime factors of 2126?
2, 1063
List the prime factors of 16750.
2, 5, 67
List the prime factors of 31150.
2, 5, 7, 89
What are the prime factors of 2652?
2, 3, 13, 17
What are the prime factors of 66758?
2, 29, 1151
List the prime factors of 946.
2, 11, 43
What are the prime factors of 5586?
2, 3, 7, 19
List the prime factors of 1222.
2, 13, 47
What are the prime factors of 59491?
41, 1451
List the prime factors of 2237.
2237
List the prime factors of 2718.
2, 3, 151
What are the prime factors of 3457?
3457
List the prime factors of 26654.
2, 13327
What are the prime factors of 9546?
2, 3, 37, 43
List the prime factors of 4352.
2, 17
What are the prime factors of 1844?
2, 461
List the prime factors of 2607.
3, 11, 79
List the prime factors of 1485.
3, 5, 11
List the prime factors of 48327.
3, 89, 181
What are the prime factors of 948?
2, 3, 79
List the prime factors of 23980.
2, 5, 11, 109
List the prime factors of 321.
3, 107
What are the prime factors of 903?
3, 7, 43
List the prime factors of 6773.
13, 521
What are the prime factors of 13218?
2, 3, 2203
List the prime factors of 16412.
2, 11, 373
What are the prime factors of 5586?
2, 3, 7, 19
List the prime factors of 136962.
2, 3, 7, 1087
List the prime factors of 6237.
3, 7, 11
What are the prime factors of 2877?
3, 7, 137
List the prime factors of 144426.
2, 3, 24071
List the prime factors of 518.
2, 7, 37
List the prime factors of 42601.
13, 29, 113
List the prime factors of 2202.
2, 3, 367
List the prime factors of 1063.
1063
List the prime factors of 1800.
2, 3, 5
List the prime factors of 171781.
283, 607
What are the prime factors of 9862?
2, 4931
List the prime factors of 456.
2, 3, 19
What are the prime factors of 2097?
3, 233
List the prime factors of 26160.
2, 3, 5, 109
What are the prime factors of 105627?
3, 137, 257
List the prime factors of 53385.
3, 5, 3559
What are the prime factors of 27534?
2, 3, 13, 353
What are the prime factors of 2524?
2, 631
List the prime factors of 4731.
3, 19, 83
List the prime factors of 402.
2, 3, 67
List the prime factors of 11263.
7, 1609
What are the prime factors of 148?
2, 37
List the prime factors of 7933.
7933
List the prime factors of 3685.
5, 11, 67
What are the prime factors of 1161?
3, 43
List the prime factors of 4722.
2, 3, 787
List the prime factors of 936.
2, 3, 13
List the prime factors of 1086.
2, 3, 181
What are the prime factors of 5730?
2, 3, 5, 191
List the prime factors of 360.
2, 3, 5
List the prime factors of 4217.
4217
List the prime factors of 273.
3, 7, 13
List the prime factors of 106361.
31, 47, 73
List the prime factors of 2910.
2, 3, 5, 97
List the prime factors of 50094.
2, 3, 11, 23
List the prime factors of 6402.
2, 3, 11, 97
What are the prime factors of 1531?
1531
List the prime factors of 79924.
2, 13, 29, 53
List the prime factors of 2719.
2719
List the prime factors of 35366.
2, 17683
List the prime factors of 15148.
2, 7, 541
What are the prime factors of 48731?
48731
List the prime factors of 28331.
41, 691
What are the prime factors of 2707?
2707
What are the prime factors of 52574?
2, 97, 271
List the prime factors of 66.
2, 3, 11
List the prime factors of 2633.
2633
What are the prime factors of 57669?
3, 47, 409
List the prime factors of 11061.
3, 1229
List the prime factors of 3210.
2, 3, 5, 107
List the prime factors of 21765.
3, 5, 1451
What are the prime factors of 6007?
6007
List the prime factors of 21273.
3, 7, 1013
List the prime factors of 1174.
2, 587
What are the prime factors of 506?
2, 11, 23
List the prime factors of 12738.
2, 3, 11, 193
What are the prime factors of 34623?
3, 3847
List the prime factors of 1262.
2, 631
List the prime factors of 5733.
3, 7, 13
What are the prime factors of 1359?
3, 151
List the prime factors of 1733.
1733
What are the prime factors of 991?
991
List the prime factors of 2559.
3, 853
What are the prime factors of 864?
2, 3
What are the prime factors of 7760?
2, 5, 97
What are the prime factors of 541?
541
What are the prime factors of 7550?
2, 5, 151
List the prime factors of 16199.
97, 167
List the prime factors of 23469.
3, 7823
What are the prime factors of 35?
5, 7
What are the prime factors of 12376?
2, 7, 13, 17
List the prime factors of 1763.
41, 43
List the prime factors of 7.
7
What are the prime factors of 9500?
2, 5, 19
What are the prime factors of 13045?
5, 2609
What are the prime factors of 9175?
5, 367
What are the prime factors of 71506?
2, 35753
What are the prime factors of 159733?
7, 19, 1201
What are the prime factors of 2683?
2683
What are the prime f